ors of 56759570?
2, 5, 7, 43, 109, 173
List the prime factors of 518174390.
2, 5, 51817439
What are the prime factors of 285423722?
2, 73, 1954957
What are the prime factors of 91144818?
2, 3, 191, 8837
What are the prime factors of 3888950819?
13, 41, 313, 23311
List the prime factors of 2884589058.
2, 3, 13, 36981911
What are the prime factors of 164710784?
2, 7, 183829
List the prime factors of 84886967.
11, 17, 373, 1217
What are the prime factors of 1661027?
47, 59, 599
List the prime factors of 1701652891.
1987, 856393
List the prime factors of 136809928.
2, 2549, 6709
What are the prime factors of 8488778924?
2, 33997, 62423
List the prime factors of 8161384.
2, 7, 11, 13249
List the prime factors of 12409910.
2, 5, 1240991
List the prime factors of 32283735.
3, 5, 11, 195659
List the prime factors of 157731151.
17, 211, 43973
What are the prime factors of 293457758?
2, 11, 13338989
What are the prime factors of 1905442?
2, 7, 11, 12373
What are the prime factors of 271437222?
2, 3, 7, 1163, 5557
What are the prime factors of 3630191897?
89, 4987, 8179
List the prime factors of 198732580.
2, 5, 9936629
List the prime factors of 165948035.
5, 11, 53, 56929
List the prime factors of 18748775.
5, 359, 2089
List the prime factors of 7677599.
7677599
What are the prime factors of 5531690?
2, 5, 277, 1997
List the prime factors of 8220308.
2, 443, 4639
List the prime factors of 783971972.
2, 7, 53, 163, 463
What are the prime factors of 3933838436?
2, 11, 89405419
What are the prime factors of 1065651235?
5, 11, 1761407
List the prime factors of 103853632.
2, 97, 16729
What are the prime factors of 127760761?
557, 229373
What are the prime factors of 3068716865?
5, 241, 349, 7297
What are the prime factors of 32258737?
7, 4608391
List the prime factors of 209088509.
7, 167, 383, 467
What are the prime factors of 746843777?
746843777
What are the prime factors of 41405731?
19, 47, 199, 233
What are the prime factors of 752965391?
149, 5053459
What are the prime factors of 3130008532?
2, 7, 111786019
What are the prime factors of 2707675577?
37, 73180421
List the prime factors of 62768107.
79, 839, 947
List the prime factors of 726469772.
2, 7, 17, 157, 9721
List the prime factors of 142145163.
3, 15793907
List the prime factors of 183586958.
2, 2683, 34213
What are the prime factors of 80335658?
2, 13, 37, 61
List the prime factors of 159523375.
5, 11, 53, 199
List the prime factors of 148365075.
3, 5, 1978201
List the prime factors of 126859749.
3, 241, 175463
What are the prime factors of 46495349?
197, 236017
List the prime factors of 150402043.
11, 17, 19, 42331
List the prime factors of 131500895.
5, 26300179
What are the prime factors of 3878723417?
17, 228160201
What are the prime factors of 86954170?
2, 5, 43, 202219
What are the prime factors of 121259171?
11, 2179, 5059
List the prime factors of 425139130.
2, 5, 13, 23, 29, 4903
List the prime factors of 2916144442.
2, 1458072221
What are the prime factors of 1023807705?
3, 5, 31, 2201737
List the prime factors of 418458365.
5, 13, 211, 2347
What are the prime factors of 785098369?
11, 17, 1559, 2693
List the prime factors of 120285426.
2, 3, 83, 241537
What are the prime factors of 41137458?
2, 3, 6856243
What are the prime factors of 17833032?
2, 3, 7, 41, 863
List the prime factors of 111126826.
2, 1069, 51977
What are the prime factors of 57552116?
2, 139, 103511
What are the prime factors of 13588586?
2, 11, 523, 1181
What are the prime factors of 225471008?
2, 7, 71, 14177
What are the prime factors of 31931494?
2, 7, 29, 78649
List the prime factors of 1413000572.
2, 109, 587, 5521
What are the prime factors of 410817027?
3, 2707, 50587
List the prime factors of 4742320949.
151, 31406099
What are the prime factors of 1036002757?
29, 587, 60859
List the prime factors of 653013443.
653013443
List the prime factors of 8849677836.
2, 3, 737473153
What are the prime factors of 360445913?
71, 5076703
What are the prime factors of 469471473?
3, 17, 523, 5867
What are the prime factors of 6893393763?
3, 71, 4093, 7907
What are the prime factors of 19031626?
2, 23, 41, 10091
What are the prime factors of 18813548?
2, 13, 361799
What are the prime factors of 169578672?
2, 3, 17, 71, 2927
What are the prime factors of 9167469?
3, 181, 16883
List the prime factors of 3539237861.
23, 137, 1123211
What are the prime factors of 134599452?
2, 3, 13, 367, 2351
List the prime factors of 1490117994.
2, 3, 2281, 36293
What are the prime factors of 185272105?
5, 107, 346303
List the prime factors of 463425281.
11, 3829961
List the prime factors of 14045749.
14045749
What are the prime factors of 7500688865?
5, 1500137773
List the prime factors of 66812545.
5, 2903, 4603
What are the prime factors of 2042191158?
2, 3, 7, 48623599
List the prime factors of 74776553.
74776553
What are the prime factors of 60205648?
2, 1307, 2879
List the prime factors of 39104712.
2, 3, 467, 1163
List the prime factors of 51086239.
51086239
List the prime factors of 125831034.
2, 3, 7, 19, 52561
List the prime factors of 1955859595.
5, 31, 12618449
List the prime factors of 188541077.
4783, 39419
List the prime factors of 80930356.
2, 13, 271, 5743
List the prime factors of 56068811.
56068811
List the prime factors of 394159917.
3, 163, 373, 2161
What are the prime factors of 139353928?
2, 7, 31, 80273
List the prime factors of 59708278.
2, 7, 4264877
What are the prime factors of 1368884164?
2, 61, 853, 6577
List the prime factors of 1048145138.
2, 2617, 200257
What are the prime factors of 3371509732?
2, 733, 1149901
List the prime factors of 107086109.
13, 19, 73, 5939
List the prime factors of 216745689.
3, 72248563
What are the prime factors of 2310613835?
5, 41, 163, 69149
List the prime factors of 7074194.
2, 19, 186163
List the prime factors of 43430874.
2, 3, 67, 108037
List the prime factors of 353026197.
3, 6257, 6269
What are the prime factors of 688149000?
2, 3, 5, 7, 11, 331
What are the prime factors of 117961759?
17, 587, 11821
What are the prime factors of 78132893?
101, 281, 2753
What are the prime factors of 878632402?
2, 97, 941, 4813
List the prime factors of 3455897135.
5, 2287, 302221
What are the prime factors of 8598279297?
3, 151, 18980749
List the prime factors of 20226307.
139, 145513
What are the prime factors of 29846024?
2, 13, 286981
List the prime factors of 2084557494.
2, 3, 1103, 314983
What are the prime factors of 4774062205?
5, 11, 86801131
List the prime factors of 30729801.
3, 10243267
What are the prime factors of 32968841?
31, 463, 2297
What are the prime factors of 155095385?
5, 19, 223, 7321
What are the prime factors of 34764744?
2, 3, 7, 206933
What are the prime factors of 31011806?
2, 7, 71, 4457
What are the prime factors of 1376741460?
2, 3, 5, 41, 67, 8353
What are the prime factors of 5487185?
5, 11, 99767
What are the prime factors of 5051022941?
5051022941
What are the prime factors of 37288814?
2, 3461, 5387
What are the prime factors of 440439246?
2, 3, 13, 181, 10399
List the prime factors of 46659659.
139, 335681
What are the prime factors of 39884919?
3, 13294973
What are the prime factors of 339300463?
339300463
What are the prime factors of 616223650?
2, 5, 7, 17, 103567
What are the prime factors of 239793318?
2, 3, 61, 72797
What are the prime factors of 389461282?
2, 7, 743, 37441
List the prime factors of 653251434.
2, 3, 11, 9897749
What are the prime factors of 139859684?
2, 19, 1840259
List the prime factors of 493657693.
493657693
What are the prime factors of 8690976?
2, 3, 7, 479
What are the prime factors of 4807315205?
5, 7, 11, 12486533
What are the prime factors of 308054835?
3, 5, 11, 622333
List the prime factors of 5875649869.
47, 61, 2049407
What are the prime factors of 277670896?
2, 17354431
List the prime factors of 307523071.
307523071
List the prime factors of 92348217.
3, 13, 751, 1051
List the prime factors of 13791332.
2, 977, 3529
What are the prime factors of 24854923?
67, 107, 3467
List the prime factors of 3092724482.
2, 211, 809, 9059
List the prime factors of 2711899914.
2, 3, 541, 835459
List the prime factors of 529274265.
3, 5, 13, 2714227
What are the prime factors of 798169?
23, 34703
What are the prime factors of 9